{"id":47,"date":"2009-02-06T13:53:16","date_gmt":"2009-02-06T12:53:16","guid":{"rendered":"http:\/\/www.dobbelop.info\/?page_id=47"},"modified":"2011-01-10T16:40:40","modified_gmt":"2011-01-10T15:40:40","slug":"vogna","status":"publish","type":"page","link":"https:\/\/www.dobbelop.info\/?page_id=47","title":{"rendered":"Vogna"},"content":{"rendered":"<p>Vi har en Adria Classica 563 UK 2009 modell.<\/p>\n<p>Fra siden ser den slik ut:<\/p>\n<p><img loading=\"lazy\" decoding=\"async\" class=\"size-full wp-image-50 alignnone\" title=\"hoyre-side\" src=\"https:\/\/www.dobbelop.info\/wp-content\/uploads\/hoyre-side.jpg\" alt=\"hoyre-side\" width=\"283\" height=\"137\" \/><\/p>\n<p>Planl\u00f8sningen p\u00e5 dagen er slik:<\/p>\n<p><img loading=\"lazy\" decoding=\"async\" class=\"size-full wp-image-52 alignnone\" title=\"plan-dag1\" src=\"https:\/\/www.dobbelop.info\/wp-content\/uploads\/plan-dag.jpg\" alt=\"plan-dag1\" width=\"244\" height=\"106\" \/><\/p>\n<p>Om man rer opp alle sengeplassene har man denne planl\u00f8sningen for natten:<\/p>\n<p><img loading=\"lazy\" decoding=\"async\" class=\"alignnone size-full wp-image-57\" title=\"plan-natt\" src=\"https:\/\/www.dobbelop.info\/wp-content\/uploads\/plan-natt.jpg\" alt=\"plan-natt\" width=\"243\" height=\"106\" \/><\/p>\n<p>Noen bilder fra f\u00f8rste befaring:<\/p>\n<p>[slideshow id=1]<\/p>\n","protected":false},"excerpt":{"rendered":"<p>Vi har en Adria Classica 563 UK 2009 modell. Fra siden ser den slik ut: Planl\u00f8sningen p\u00e5 dagen er slik: Om man rer opp alle sengeplassene har man denne planl\u00f8sningen for natten: Noen bilder fra f\u00f8rste befaring: [slideshow id=1]<\/p>\n","protected":false},"author":4,"featured_media":0,"parent":0,"menu_order":3,"comment_status":"closed","ping_status":"open","template":"","meta":{"footnotes":""},"class_list":["post-47","page","type-page","status-publish","hentry"],"_links":{"self":[{"href":"https:\/\/www.dobbelop.info\/index.php?rest_route=\/wp\/v2\/pages\/47","targetHints":{"allow":["GET"]}}],"collection":[{"href":"https:\/\/www.dobbelop.info\/index.php?rest_route=\/wp\/v2\/pages"}],"about":[{"href":"https:\/\/www.dobbelop.info\/index.php?rest_route=\/wp\/v2\/types\/page"}],"author":[{"embeddable":true,"href":"https:\/\/www.dobbelop.info\/index.php?rest_route=\/wp\/v2\/users\/4"}],"replies":[{"embeddable":true,"href":"https:\/\/www.dobbelop.info\/index.php?rest_route=%2Fwp%2Fv2%2Fcomments&post=47"}],"version-history":[{"count":25,"href":"https:\/\/www.dobbelop.info\/index.php?rest_route=\/wp\/v2\/pages\/47\/revisions"}],"predecessor-version":[{"id":495,"href":"https:\/\/www.dobbelop.info\/index.php?rest_route=\/wp\/v2\/pages\/47\/revisions\/495"}],"wp:attachment":[{"href":"https:\/\/www.dobbelop.info\/index.php?rest_route=%2Fwp%2Fv2%2Fmedia&parent=47"}],"curies":[{"name":"wp","href":"https:\/\/api.w.org\/{rel}","templated":true}]}}